0 = -4*i + 4*y + 28. Suppose -59 + i = -3*u. Does 8 divide u?
False
Let b = -3 + 6. Suppose b*w = t - 4*t - 9, -5 = -w. Let c = 17 + t. Does 8 divide c?
False
Suppose -4*c + 9*c + 5 = 0, -4*r - 3*c + 461 = 0. Suppose -6*q = -2*q + 4*w - 244, -5*w + r = 2*q. Is q a multiple of 23?
False
Let x(l) = 4*l + 5. Suppose 0 = 2*c + 3*c + 5*w, 3*c = -5*w. Suppose 2*y - 6 - 4 = c. Is 15 a factor of x(y)?
False
Suppose 9*t + 152 = 11*t. Suppose -3*m - 25 = -u - t, 60 = 3*m - 4*u. Does 5 divide m?
False
Let i(h) = h**3 - 2*h**2 - 2. Is 30 a factor of i(4)?
True
Let v = -35 + 51. Does 8 divide v?
True
Suppose 10*u - 15 = 5*u. Let g be (u - 21)/(3/(-16)). Suppose 2*i + i = g. Does 14 divide i?
False
Let f = 11 - -52. Is 21 a factor of f?
True
Let s(n) = 2*n - 3. Let i be s(4). Suppose 5*m - 14 = 3*o, -3*m + 4*m = -i*o + 14. Let g = m - -5. Does 6 divide g?
False
Let y = -46 - -68. Is y a multiple of 15?
False
Let b be (-4)/6 + 250/15. Let x be 1*b*(3 + -2). Suppose x = -2*t - 3*g - 2*g, 5*t + 6 = -4*g. Is t a multiple of 2?
True
Let j(w) = w**3 + w**2 + 5*w + 3. Let x be j(-3). Let g = -6 - x. Is 8 a factor of g?
True
Let j(g) = -11*g**2 - 2*g + 3. Let q be j(2). Let w = -30 - q. Is 15 a factor of w?
True
Suppose r = -7 + 27. Is 10 a factor of r?
True
Let j be 33/12 + (-4)/(-16). Suppose -n + 80 = n - 4*d, -n + j*d + 44 = 0. Does 7 divide n?
False
Let o = 5 + -7. Let a(h) = 5*h**2 - h - 2. Is 20 a factor of a(o)?
True
Suppose 2*u + 3*u = 40. Suppose 0 = -4*s + 2*s + u. Does 12 divide 164/14 - s/(-14)?
True
Suppose -y - 2*y - 3 = 0. Let a be 31/3 - y/(-3). Suppose a = 2*j - 3*z, 4*j - 31 = -4*z + 29. Does 10 divide j?
False
Suppose n - 2*n - 5 = 0, 0 = 2*u + 2*n + 8. Let z(w) = 17*w**2 - 1. Does 16 divide z(u)?
True
Let d(q) = 6*q**2 - q. Let b be d(-1). Does 15 divide b/((-7)/2) + 50?
False
Let m = 0 + 2. Let g(x) = 3*x**2 + 5*x**2 - 3*x**m. Is 5 a factor of g(1)?
True
Let a = -3 + 11. Suppose 0 = -2*v + 6*v - a. Is (-3)/(v/((-156)/9)) a multiple of 9?
False
Is 20/(-8)*(-888)/30 a multiple of 16?
False
Let m(l) = -l**3 - 6*l**2 - 5*l + 2. Let i be m(-5). Let p(a) = i*a + 8*a - a + 2. Is 10 a factor of p(3)?
False
Let z = 3 + 0. Suppose -z*y - 35 = -5*v, -v + 4*y - 10 = -0*v. Is v a multiple of 4?
False
Let o(r) = -120*r + 1. Let n be o(-1). Let d = -82 + n. Is d a multiple of 10?
False
Suppose -36 = -6*n + 168. Is n a multiple of 3?
False
Let i(n) = -2*n**3 - 6*n**2 + 5*n - 4. Does 21 divide i(-5)?
False
Suppose -17 = 3*n - 485. Does 14 divide n?
False
Let g = 6 + -63. Does 28 divide 5 - 4 - (g + 2)?
True
Suppose -5*w = -3*f - 346 - 52, -f - 5*w = 166. Let m(d) = -6*d**2 + 8. Let l be m(-4). Let g = l - f. Is 14 a factor of g?
False
Suppose 5 = -4*z + 25. Let u = z - 1. Suppose 144 = 3*p + 3*f, 0*p + u*p - f = 167. Does 15 divide p?
False
Let w(d) be the first derivative of -3 - d**2 + 1/3*d**3 + 6*d. Is w(4) a multiple of 14?
True
Let a(s) = s**2 + 14*s + 7. Is a(-14) a multiple of 2?
False
Let t(f) = -f**2 - 2*f - 10*f**3 - 1 + 0*f**2 - 6*f**3. Suppose 4 = -u, -2*x - 2*u - 5 = -5*x. Does 9 divide t(x)?
False
Let g(m) = -m**3 + m - 3. Let o be g(0). Let h = 2 - o. Suppose 5*i - h = 3*i - s, i + s = 0. Is 5 a factor of i?
True
Is 6 a factor of (-8)/(2 - (-28)/(-12))?
True
Let t(i) = -i**3 + 4*i**2 - 3*i + 6. Let d = -9 - -13. Let p be t(d). Let c(f) = f**3 + 6*f**2 - 2*f - 5. Is c(p) a multiple of 7?
True
Let b(a) be the third derivative of a**5/60 - a**4/6 + 3*a**3/2 - 9*a**2. Is 18 a factor of b(-5)?
True
Does 9 divide -3*(-20)/15 - -86?
True
Is 16 a factor of (-4 - -44) + 1 + 1?
False
Suppose -4*i = 5*l - 2*i - 136, 5*i = 4*l - 89. Let d = l + -10. Does 16 divide d?
True
Suppose 0*x - 35 = -x. Suppose 0 = 5*o - x - 0. Is o a multiple of 3?
False
Suppose z - 4 = 52. Does 56 divide z?
True
Let z be -1 + -2 + -10 + 17. Suppose -d - 25 = z*a, 3*a - 22 = 3*d + 68. Let c = 43 + d. Is c a multiple of 7?
True
Let n(f) = 5*f**2 - 3*f - 2. Is 8 a factor of n(-2)?
True
Let p be 3 + 6 + -1 + -3. Suppose 0*s = s - 3. Suppose s*r - 2*m - m - 30 = 0, -p*r = 5*m - 90. Is r a multiple of 14?
True
Suppose -3*l + 8 = -l. Is 2 a factor of -2*(-6)/(-1 + l)?
True
Let z(c) = c**2 - 7*c - 7. Let y be z(7). Let w = y - -12. Suppose -w*s + s + 64 = 0. Does 15 divide s?
False
Suppose 2*z + 0*z = -5*g - 25, -3*g = -4*z + 15. Suppose -4*x = -24 - z. Is x a multiple of 2?
True
Suppose 2 - 6 = 4*l + 2*c, 5*l - c = -5. Does 14 divide l - -69 - (-12)/6?
True
Suppose -2*f - x + 64 = -3*x, -x = 4. Is f a multiple of 23?
False
Let o = 10 + -1. Is 5 a factor of (o - 3)*(-20)/(-6)?
True
Let q(f) = 90*f**2 - 5*f - 4. Is 20 a factor of q(-1)?
False
Let f(i) = -5*i**3 - i**2 - 8*i - 7. Is 13 a factor of f(-3)?
True
Let u be (-3)/4 + 42/(-8). Let g(p) = p**2 + 6*p + 6. Is 3 a factor of g(u)?
True
Let i(z) = 3*z**3 + 3*z**2 - 6*z + 6. Does 16 divide i(3)?
True
Let g be (45/4)/(18/(-48)). Does 6 divide 4/(-6) - 890/g?
False
Suppose 0 = 5*g + 4*f - 426, 3*g - 87 = 2*g + f. Suppose -g = -x - x. Is x a multiple of 15?
False
Let s be 0/(-2) - 1 - -33. Let q = s + -7. Is 9 a factor of q?
False
Let n(q) = -2*q + 1. Let r be 0 - ((-6)/2 + 1). Let g be (3/r)/(3/(-12)). Does 9 divide n(g)?
False
Suppose -5*z = -3*v + 115 - 10, -140 = -4*v - 3*z. Is v a multiple of 9?
False
Let i(r) = 2*r**2 + 8*r - 5. Let h = 2 + -9. Does 15 divide i(h)?
False
Let c = -51 - -73. Suppose c = -4*u + 90. Is u a multiple of 14?
False
Let o(p) = p - 1. Is o(11) a multiple of 9?
False
Suppose 2*k = -3*k + 160. Does 5 divide k?
False
Suppose 580 = 4*b + 2*v, -3*b - 4*v + 440 = -0*v. Is b a multiple of 24?
True
Let j(u) = -45*u + 2. Does 8 divide j(-1)?
False
Suppose -127 + 17 = -v. Is v a multiple of 11?
True
Suppose 0 = 3*u - 361 + 52. Does 23 divide u?
False
Is 14 a factor of (-6)/(-6)*(0 + 74)?
False
Let z(i) = -i**2 - 33*i - 22. Is 20 a factor of z(-26)?
True
Suppose 13 = 2*p + 3. Let i(n) = -n**3 - 7*n**2 + n + 9. Let k be i(-7). Suppose -4 = k*t, -4*x - t + 184 = -p*t. Is 22 a factor of x?
True
Suppose 3*o = 11 + 1. Suppose -i + o*a = 4, 0 = -i + 3*a - 3 - 0. Suppose z + 4*z - 200 = i. Does 16 divide z?
False
Let y(z) = 28*z - 32. Is y(4) a multiple of 8?
True
Let m = 333 - 36. Is 33 a factor of m?
True
Does 16 divide (-2 - -1) + (74 - 1)?
False
Suppose 106 = 4*h - 94. Does 8 divide h?
False
Let c be 8/(-12)*12*-15. Does 12 divide (c/9 + -2)*3?
False
Does 7 divide 3/5 + 24/10*21?
False
Let h be 68/14 + 5/35. Suppose j + 64 = h*j. Is j a multiple of 9?
False
Suppose 8*x = 4*x + 8. Let s(b) = -b**2 - b**x - 1 - b**2 + 5*b**2 - 4*b. Does 10 divide s(5)?
False
Is 24 a factor of 12*(12/15 + -2)*-5?
True
Let s(j) = 4*j + 6. Does 6 divide s(5)?
False
Suppose -2*n + 11 = 115. Let a = 23 + -31. Let q = a - n. Is 22 a factor of q?
True
Let d = 0 - 0. Let i = d - -1. Let c = 9 - i. Is c a multiple of 6?
False
Let f = 50 - -60. Suppose 3*t = 4*w - 72, 4*t + 10 = -4*w + f. Let h = w - 8. Is h a multiple of 13?
True
Let h be (0 + 10)*7/(-14). Let i(n) = 4 - n**2 - n**2 + n**3 - n + 7*n**2. Is i(h) a multiple of 9?
True
Suppose -5*l - 15 = -5*t, -t + 4*l + 6 = -0*t. Suppose -31 = -2*y + s, -2*y - 30 = -4*y + t*s. Suppose -4*n - y = -228. Does 18 divide n?
False
Let j(x) = -8*x + 1. Suppose 4*c = 8 - 0. Let t be -2*c/(-2 + 4). Is j(t) a multiple of 6?
False
Let f = 10 - 8. Suppose -f = z - 4*b + 3, 20 = 4*b. Is z a multiple of 15?
True
Let u(g) = g**2 - 4. Suppose l - 15 = -2*l. Let q be u(l). Suppose 4*h - 75 = -2*r - q, 2*h + 88 = 4*r. Is 8 a factor of r?
False
Suppose -2*k = -0*k. Let q = -4 - -7. Suppose q*s = 12, k = 2*y + 2*y - 2*s - 148. Does 19 divide y?
False
Let p = 11 + -22. Let j = p - -30. Suppose -u + 4*w + 17 = -j, -2*u + 69 = -5*w. Is 12 a factor of u?
False
Let n = 347 - 247. Does 31 divide n?
False
Let q = 6 + 4. Suppose -5*j - 4*p + q = 0, p - 6 = -3*j - 0*p. Suppose 12 = j*z - 4. Is z a multiple of 4?
True
Let q = 25 + 25. Is 5 a factor of q?
True
Suppose -2*j = -0*j - 5*i - 8, -5*j = -i + 3. Let w be 54*(j + (-3)/(-9)). Does 10 divide ((-6)/4)/(2/w)?
False
Suppose 0*v = 5*v. Does 15 divide 0 + 19 + -4 + v?
True
Suppose -3*a - 3 + 63 = 0. Is a a multiple of 6?
False
Suppose -3*v + 5*v = 50. Does 15 divide v?
False
Let p be 444/10 + 4/(-10). Suppose -2*z + 74 = 4*k, -z - p = -k - 18. Is k a multiple of 14?
False
Let 